{"id":680,"date":"2021-09-09T13:21:29","date_gmt":"2021-09-09T13:21:29","guid":{"rendered":"https:\/\/bashkia.said.al\/?page_id=680"},"modified":"2025-09-10T12:55:36","modified_gmt":"2025-09-10T10:55:36","slug":"punesimi","status":"publish","type":"page","link":"https:\/\/bashkiakucove.gov.al\/?page_id=680","title":{"rendered":"Punesimi"},"content":{"rendered":"\n<p>Pun\u00ebsimi n\u00eb Ku\u00e7ov\u00eb \u00ebsht\u00eb i lidhur ngusht\u00eb me historin\u00eb industriale t\u00eb qytetit, ve\u00e7an\u00ebrisht n\u00eb sektor\u00ebt e naft\u00ebs, mekanik\u00ebs dhe aviacionit. Edhe pse industria ka p\u00ebsuar ndryshime pas viteve &#8217;90, disa sektor\u00eb vazhdojn\u00eb t\u00eb jen\u00eb burim t\u00eb r\u00ebnd\u00ebsish\u00ebm pun\u00ebsimi.<\/p>\n\n\n\n<p><strong>&nbsp;Sektori i Naft\u00ebs dhe Mekanik\u00ebs<\/strong><\/p>\n\n\n\n<p><strong>Uzina Mekanike e Naft\u00ebs n\u00eb Ku\u00e7ov\u00eb<\/strong>, e themeluar n\u00eb vitin 1936, \u00ebsht\u00eb nj\u00eb nga nd\u00ebrmarrjet m\u00eb jet\u00ebgjat\u00eb n\u00eb Shqip\u00ebri. Ajo ofron sh\u00ebrbime si prodhimi dhe riparimi i pjes\u00ebve p\u00ebr industrin\u00eb e naft\u00ebs, p\u00ebrfshir\u00eb pomp\u00eb, reduktor\u00eb dhe sisteme tubacionesh p\u00ebr hidrocentrale. Aktualisht, punojn\u00eb rreth 250 punonj\u00ebs, p\u00ebrfshir\u00eb inxhinier\u00eb dhe specialist\u00eb t\u00eb fush\u00ebs.<\/p>\n\n\n\n<p>Gjithashtu, <strong>Albpetrol<\/strong>, kompania shtet\u00ebrore e naft\u00ebs, shpesh shpall vende t\u00eb lira pune p\u00ebr pozita t\u00eb ndryshme teknike dhe administrative. P\u00ebr informacion t\u00eb p\u00ebrdit\u00ebsuar, mund t\u00eb vizitoni seksionin e vendeve t\u00eb lira pune n\u00eb faqen e tyre.<\/p>\n\n\n\n<p><strong>Sektori i Aviacionit<\/strong><\/p>\n\n\n\n<p><strong>Baza ajrore e NATO-s n\u00eb Ku\u00e7ov\u00eb<\/strong> \u00ebsht\u00eb n\u00eb proces rinovimi me nj\u00eb investim prej 50 milion\u00eb eurosh. Ky projekt ka krijuar mund\u00ebsi pun\u00ebsimi p\u00ebr rreth 400 persona n\u00eb fushat e nd\u00ebrtimit, teknik\u00ebs dhe logjistik\u00ebs.<\/p>\n\n\n\n<p><strong>Sektori i Turizmit dhe Natyr\u00ebs<\/strong><\/p>\n\n\n\n<p><strong>Liqeni i Gorajit<\/strong> dhe burimi i Sinecit jan\u00eb atraksione natyrore q\u00eb po zhvillohen p\u00ebr turiz\u00ebm. Kjo ka krijuar mund\u00ebsi pun\u00ebsimi n\u00eb sektor\u00ebt e sh\u00ebrbimeve, guidave turistike dhe bujtinave.<\/p>\n\n\n\n<p><strong>Burime p\u00ebr K\u00ebrkimin e Pun\u00ebs<\/strong><\/p>\n\n\n\n<p>P\u00ebr t\u00eb gjetur mund\u00ebsi pun\u00ebsimi n\u00eb Ku\u00e7ov\u00eb, mund t\u00eb konsultoheni me:<\/p>\n\n\n\n<ul class=\"wp-block-list\">\n<li>Duapune.com: Ofron lista t\u00eb vendeve t\u00eb lira pune n\u00eb qytet.<\/li>\n\n\n\n<li>Pune-ne-Kucove.com: Publikon njoftime p\u00ebr mund\u00ebsi pun\u00ebsimi dhe trajnimi.<\/li>\n\n\n\n<li>Agjencia Komb\u00ebtare e Pun\u00ebsimit dhe Aft\u00ebsive: Ofron nj\u00eb platform\u00eb p\u00ebr k\u00ebrkimin e pun\u00ebs dhe regjistrimin si pun\u00ebk\u00ebrkues.<\/li>\n<\/ul>\n","protected":false},"excerpt":{"rendered":"<p>Pun\u00ebsimi n\u00eb Ku\u00e7ov\u00eb \u00ebsht\u00eb i lidhur ngusht\u00eb me historin\u00eb industriale t\u00eb qytetit, ve\u00e7an\u00ebrisht n\u00eb sektor\u00ebt e naft\u00ebs, mekanik\u00ebs dhe aviacionit. Edhe pse industria ka p\u00ebsuar ndryshime pas viteve &#8217;90, disa sektor\u00eb vazhdojn\u00eb t\u00eb jen\u00eb burim t\u00eb r\u00ebnd\u00ebsish\u00ebm pun\u00ebsimi. &nbsp;Sektori i Naft\u00ebs dhe Mekanik\u00ebs Uzina Mekanike e Naft\u00ebs n\u00eb Ku\u00e7ov\u00eb, e themeluar n\u00eb vitin 1936, \u00ebsht\u00eb [&hellip;]<\/p>\n","protected":false},"author":1,"featured_media":0,"parent":666,"menu_order":0,"comment_status":"closed","ping_status":"closed","template":"","meta":{"_acf_changed":false,"footnotes":""},"class_list":["post-680","page","type-page","status-publish","hentry"],"acf":[],"yoast_head":"<!-- This site is optimized with the Yoast SEO plugin v27.3 - https:\/\/yoast.com\/product\/yoast-seo-wordpress\/ -->\n<title>Punesimi - Bashkia Kucove<\/title>\n<meta name=\"robots\" content=\"index, follow, max-snippet:-1, max-image-preview:large, max-video-preview:-1\" \/>\n<link rel=\"canonical\" href=\"https:\/\/bashkiakucove.gov.al\/?page_id=680\" \/>\n<meta property=\"og:locale\" content=\"en_US\" \/>\n<meta property=\"og:type\" content=\"article\" \/>\n<meta property=\"og:title\" content=\"Punesimi - Bashkia Kucove\" \/>\n<meta property=\"og:description\" content=\"Pun\u00ebsimi n\u00eb Ku\u00e7ov\u00eb \u00ebsht\u00eb i lidhur ngusht\u00eb me historin\u00eb industriale t\u00eb qytetit, ve\u00e7an\u00ebrisht n\u00eb sektor\u00ebt e naft\u00ebs, mekanik\u00ebs dhe aviacionit. Edhe pse industria ka p\u00ebsuar ndryshime pas viteve &#8217;90, disa sektor\u00eb vazhdojn\u00eb t\u00eb jen\u00eb burim t\u00eb r\u00ebnd\u00ebsish\u00ebm pun\u00ebsimi. &nbsp;Sektori i Naft\u00ebs dhe Mekanik\u00ebs Uzina Mekanike e Naft\u00ebs n\u00eb Ku\u00e7ov\u00eb, e themeluar n\u00eb vitin 1936, \u00ebsht\u00eb [&hellip;]\" \/>\n<meta property=\"og:url\" content=\"https:\/\/bashkiakucove.gov.al\/?page_id=680\" \/>\n<meta property=\"og:site_name\" content=\"Bashkia Kucove\" \/>\n<meta property=\"article:modified_time\" content=\"2025-09-10T10:55:36+00:00\" \/>\n<meta name=\"twitter:card\" content=\"summary_large_image\" \/>\n<meta name=\"twitter:label1\" content=\"Est. reading time\" \/>\n\t<meta name=\"twitter:data1\" content=\"2 minutes\" \/>\n<script type=\"application\/ld+json\" class=\"yoast-schema-graph\">{\"@context\":\"https:\\\/\\\/schema.org\",\"@graph\":[{\"@type\":\"WebPage\",\"@id\":\"https:\\\/\\\/bashkiakucove.gov.al\\\/?page_id=680\",\"url\":\"https:\\\/\\\/bashkiakucove.gov.al\\\/?page_id=680\",\"name\":\"Punesimi - Bashkia Kucove\",\"isPartOf\":{\"@id\":\"https:\\\/\\\/bashkiakucove.gov.al\\\/#website\"},\"datePublished\":\"2021-09-09T13:21:29+00:00\",\"dateModified\":\"2025-09-10T10:55:36+00:00\",\"breadcrumb\":{\"@id\":\"https:\\\/\\\/bashkiakucove.gov.al\\\/?page_id=680#breadcrumb\"},\"inLanguage\":\"en-US\",\"potentialAction\":[{\"@type\":\"ReadAction\",\"target\":[\"https:\\\/\\\/bashkiakucove.gov.al\\\/?page_id=680\"]}]},{\"@type\":\"BreadcrumbList\",\"@id\":\"https:\\\/\\\/bashkiakucove.gov.al\\\/?page_id=680#breadcrumb\",\"itemListElement\":[{\"@type\":\"ListItem\",\"position\":1,\"name\":\"Home\",\"item\":\"https:\\\/\\\/bashkiakucove.gov.al\\\/\"},{\"@type\":\"ListItem\",\"position\":2,\"name\":\"Sherbimet\",\"item\":\"https:\\\/\\\/bashkiakucove.gov.al\\\/?page_id=666\"},{\"@type\":\"ListItem\",\"position\":3,\"name\":\"Punesimi\"}]},{\"@type\":\"WebSite\",\"@id\":\"https:\\\/\\\/bashkiakucove.gov.al\\\/#website\",\"url\":\"https:\\\/\\\/bashkiakucove.gov.al\\\/\",\"name\":\"Bashkia Kucove\",\"description\":\"Bashkia Kucove\",\"potentialAction\":[{\"@type\":\"SearchAction\",\"target\":{\"@type\":\"EntryPoint\",\"urlTemplate\":\"https:\\\/\\\/bashkiakucove.gov.al\\\/?s={search_term_string}\"},\"query-input\":{\"@type\":\"PropertyValueSpecification\",\"valueRequired\":true,\"valueName\":\"search_term_string\"}}],\"inLanguage\":\"en-US\"}]}<\/script>\n<!-- \/ Yoast SEO plugin. -->","yoast_head_json":{"title":"Punesimi - Bashkia Kucove","robots":{"index":"index","follow":"follow","max-snippet":"max-snippet:-1","max-image-preview":"max-image-preview:large","max-video-preview":"max-video-preview:-1"},"canonical":"https:\/\/bashkiakucove.gov.al\/?page_id=680","og_locale":"en_US","og_type":"article","og_title":"Punesimi - Bashkia Kucove","og_description":"Pun\u00ebsimi n\u00eb Ku\u00e7ov\u00eb \u00ebsht\u00eb i lidhur ngusht\u00eb me historin\u00eb industriale t\u00eb qytetit, ve\u00e7an\u00ebrisht n\u00eb sektor\u00ebt e naft\u00ebs, mekanik\u00ebs dhe aviacionit. Edhe pse industria ka p\u00ebsuar ndryshime pas viteve &#8217;90, disa sektor\u00eb vazhdojn\u00eb t\u00eb jen\u00eb burim t\u00eb r\u00ebnd\u00ebsish\u00ebm pun\u00ebsimi. &nbsp;Sektori i Naft\u00ebs dhe Mekanik\u00ebs Uzina Mekanike e Naft\u00ebs n\u00eb Ku\u00e7ov\u00eb, e themeluar n\u00eb vitin 1936, \u00ebsht\u00eb [&hellip;]","og_url":"https:\/\/bashkiakucove.gov.al\/?page_id=680","og_site_name":"Bashkia Kucove","article_modified_time":"2025-09-10T10:55:36+00:00","twitter_card":"summary_large_image","twitter_misc":{"Est. reading time":"2 minutes"},"schema":{"@context":"https:\/\/schema.org","@graph":[{"@type":"WebPage","@id":"https:\/\/bashkiakucove.gov.al\/?page_id=680","url":"https:\/\/bashkiakucove.gov.al\/?page_id=680","name":"Punesimi - Bashkia Kucove","isPartOf":{"@id":"https:\/\/bashkiakucove.gov.al\/#website"},"datePublished":"2021-09-09T13:21:29+00:00","dateModified":"2025-09-10T10:55:36+00:00","breadcrumb":{"@id":"https:\/\/bashkiakucove.gov.al\/?page_id=680#breadcrumb"},"inLanguage":"en-US","potentialAction":[{"@type":"ReadAction","target":["https:\/\/bashkiakucove.gov.al\/?page_id=680"]}]},{"@type":"BreadcrumbList","@id":"https:\/\/bashkiakucove.gov.al\/?page_id=680#breadcrumb","itemListElement":[{"@type":"ListItem","position":1,"name":"Home","item":"https:\/\/bashkiakucove.gov.al\/"},{"@type":"ListItem","position":2,"name":"Sherbimet","item":"https:\/\/bashkiakucove.gov.al\/?page_id=666"},{"@type":"ListItem","position":3,"name":"Punesimi"}]},{"@type":"WebSite","@id":"https:\/\/bashkiakucove.gov.al\/#website","url":"https:\/\/bashkiakucove.gov.al\/","name":"Bashkia Kucove","description":"Bashkia Kucove","potentialAction":[{"@type":"SearchAction","target":{"@type":"EntryPoint","urlTemplate":"https:\/\/bashkiakucove.gov.al\/?s={search_term_string}"},"query-input":{"@type":"PropertyValueSpecification","valueRequired":true,"valueName":"search_term_string"}}],"inLanguage":"en-US"}]}},"_links":{"self":[{"href":"https:\/\/bashkiakucove.gov.al\/index.php?rest_route=\/wp\/v2\/pages\/680","targetHints":{"allow":["GET"]}}],"collection":[{"href":"https:\/\/bashkiakucove.gov.al\/index.php?rest_route=\/wp\/v2\/pages"}],"about":[{"href":"https:\/\/bashkiakucove.gov.al\/index.php?rest_route=\/wp\/v2\/types\/page"}],"author":[{"embeddable":true,"href":"https:\/\/bashkiakucove.gov.al\/index.php?rest_route=\/wp\/v2\/users\/1"}],"replies":[{"embeddable":true,"href":"https:\/\/bashkiakucove.gov.al\/index.php?rest_route=%2Fwp%2Fv2%2Fcomments&post=680"}],"version-history":[{"count":1,"href":"https:\/\/bashkiakucove.gov.al\/index.php?rest_route=\/wp\/v2\/pages\/680\/revisions"}],"predecessor-version":[{"id":3100,"href":"https:\/\/bashkiakucove.gov.al\/index.php?rest_route=\/wp\/v2\/pages\/680\/revisions\/3100"}],"up":[{"embeddable":true,"href":"https:\/\/bashkiakucove.gov.al\/index.php?rest_route=\/wp\/v2\/pages\/666"}],"wp:attachment":[{"href":"https:\/\/bashkiakucove.gov.al\/index.php?rest_route=%2Fwp%2Fv2%2Fmedia&parent=680"}],"curies":[{"name":"wp","href":"https:\/\/api.w.org\/{rel}","templated":true}]}}